{"id":1707,"date":"2016-06-09T15:07:35","date_gmt":"2016-06-09T15:07:35","guid":{"rendered":"http:\/\/www.neurolinguistic.com\/blog\/?page_id=1707"},"modified":"2018-08-06T18:57:26","modified_gmt":"2018-08-06T16:57:26","slug":"corso-gratuito-ipnosi-egizia","status":"publish","type":"page","link":"https:\/\/www.neurolinguistic.com\/blog\/corso-gratuito-ipnosi-egizia\/","title":{"rendered":"Corso gratuito Ipnosi Egizia"},"content":{"rendered":"<p>[bodybg bodybgimage=&#8221;https:\/\/www.neurolinguistic.com\/blog\/wp-content\/themes\/flexsqueeze2\/images\/quicksets\/full-quickset-7.jpg&#8221;][\/bodybg]<\/p>\n<p class=\" ffhead3\"><span style=\"color: #b30000;\">Ti piacerebbe fare un viaggio fantastico alla scoperta dell&#8217;IPNOSI EGIZIA? Cos\u00ec come \u00e8 stata tramandata dalla pi\u00f9 antica e originale tradizione ermetica&#8230;\u00a0<\/span><\/p>\n<h4 style=\"text-align: center;\"><span style=\"font-family: 'Special Elite';\">Ricevi\u00a0ora l&#8217;E-BOOK\u00a0GRATUITO via email<\/span><\/h4>\n<p style=\"text-align: center;\">Inserisci il tuo nome, la tua email e clicca il pulsante verde.<\/p>\n<div class=\"optinWrap\">\n<form id=\"flexoptin127\" class=\"flexoptinform optinvert\" style=\"max-width: 500px;\" accept-charset=\"utf-8\" action=\"https:\/\/app.getresponse.com\/add_subscriber.html\" method=\"post\"><input name=\"campaign_token\" type=\"hidden\" value=\"nTW3L\" \/><input name=\"start_day\" type=\"hidden\" value=\"0\" \/><input type=\"hidden\" name=\"thankyou_url\" value=\"https:\/\/www.neurolinguistic.com\/blog\/ipnosi-egizia-grazie.php\"\/><input type=\"hidden\" name=\"forward_data\" value=\"\" \/><input name=\"name\" type=\"text\" value=\"Il Tuo Nome\" onfocus=\"if (this.value == 'Il Tuo Nome') {this.value = '';}\" onblur=\"if (this.value == '') {this.value = 'Il Tuo Nome';}\" style=\"width: 100%; color: #4a4a4a; background: #FFFFFF; border: 1px solid #808080; margin: 0 auto 5px auto; display: block; text-align: center;\" class=\"namefield1\" \/><input name=\"email\" type=\"text\" value=\"La Tua Email\" onfocus=\"if (this.value == 'La Tua Email') {this.value = '';}\" onblur=\"if (this.value == '') {this.value = 'La Tua Email';}\" style=\"width: 100%; color: #4a4a4a; background: #FFFFFF; border: 1px solid #808080; margin: 0 auto 5px auto; display: block; text-align: center;\" class=\"emailfield1\" \/> <input name=\"submit\" type=\"submit\" value=\"SCARICA ORA\" style=\"color: #ffffff; font: normal bold 1.3em Tahoma, Helvetica, Arial; background: #9ADB00 url('https:\/\/www.neurolinguistic.com\/blog\/wp-content\/themes\/flexsqueeze2\/images\/submit-btm-dark.png') repeat-x center;\" class=\"foptinSubmit\" \/><\/p>\n<p class=\"foptinprivacy\" style=\"font-size: 90%; line-height: normal;\">\u00a0La tua privacy \u00e8 al sicuro!\u00a0<strong>Potrai cancellarti in qualsiasi momento con un click.<\/strong><\/p>\n<p class=\"foptinprivacy\" style=\"font-size: 90%; line-height: normal;\"><img loading=\"lazy\" decoding=\"async\" class=\"aligncenter size-full wp-image-1587\" src=\"https:\/\/www.neurolinguistic.com\/blog\/wp-content\/uploads\/egypt9.jpg\" alt=\"egypt9\" width=\"600\" height=\"350\" srcset=\"https:\/\/www.neurolinguistic.com\/blog\/wp-content\/uploads\/egypt9.jpg 600w, https:\/\/www.neurolinguistic.com\/blog\/wp-content\/uploads\/egypt9-300x175.jpg 300w\" sizes=\"auto, (max-width: 600px) 100vw, 600px\" \/><\/p>\n<\/form>\n<\/div>\n<div class=\"section group\"><\/div>\n<div class=\"optinWrap\"><\/div>\n<p style=\"text-align: center; font-size: 10pt;\"><img decoding=\"async\" class=\"aligncenter\" style=\"width: 100%;\" src=\"https:\/\/www.neurolinguistic.com\/blog\/wp-content\/themes\/flexsqueeze2\/images\/dividers\/clear-bubble.png\" alt=\"\" \/><\/p>\n<p style=\"text-align: center; font-size: 10pt;\">Universit\u00e9 Europ\u00e9enne &#8211; Tutti i diritti riservati<\/p>\n","protected":false},"excerpt":{"rendered":"<p>[bodybg bodybgimage=&rdquo;https:\/\/www.neurolinguistic.com\/blog\/wp-content\/themes\/flexsqueeze2\/images\/quicksets\/full-quickset-7.jpg&rdquo;][\/bodybg] Ti piacerebbe fare un viaggio fantastico alla scoperta dell&rsquo;IPNOSI EGIZIA? Cos&igrave; come &egrave; stata tramandata dalla pi&ugrave; antica e originale tradizione ermetica&hellip;&nbsp; Ricevi&nbsp;ora l&rsquo;E-BOOK&nbsp;GRATUITO via email Inserisci il tuo nome, la tua email e clicca il pulsante verde. &nbsp;La tua privacy &egrave; al sicuro!&nbsp;Potrai cancellarti in qualsiasi momento con un click. Universit&eacute; Europ&eacute;enne [&hellip;]<\/p>\n","protected":false},"author":1,"featured_media":0,"parent":0,"menu_order":0,"comment_status":"closed","ping_status":"closed","template":"sptemplate-13.php","meta":{"footnotes":""},"class_list":["post-1707","page","type-page","status-publish","hentry"],"yoast_head":"<!-- This site is optimized with the Yoast SEO plugin v27.2 - https:\/\/yoast.com\/product\/yoast-seo-wordpress\/ -->\n<title>Corso gratuito Ipnosi Egizia &#8211; Universit\u00e9 Europ\u00e9enne - ISI-CNV<\/title>\n<meta name=\"robots\" content=\"index, follow, max-snippet:-1, max-image-preview:large, max-video-preview:-1\" \/>\n<link rel=\"canonical\" href=\"https:\/\/www.neurolinguistic.com\/blog\/corso-gratuito-ipnosi-egizia\/\" \/>\n<meta property=\"og:locale\" content=\"it_IT\" \/>\n<meta property=\"og:type\" content=\"article\" \/>\n<meta property=\"og:title\" content=\"Corso gratuito Ipnosi Egizia &#8211; Universit\u00e9 Europ\u00e9enne - ISI-CNV\" \/>\n<meta property=\"og:description\" content=\"[bodybg bodybgimage=&rdquo;https:\/\/www.neurolinguistic.com\/blog\/wp-content\/themes\/flexsqueeze2\/images\/quicksets\/full-quickset-7.jpg&rdquo;][\/bodybg] Ti piacerebbe fare un viaggio fantastico alla scoperta dell&rsquo;IPNOSI EGIZIA? Cos&igrave; come &egrave; stata tramandata dalla pi&ugrave; antica e originale tradizione ermetica&hellip;&nbsp; Ricevi&nbsp;ora l&rsquo;E-BOOK&nbsp;GRATUITO via email Inserisci il tuo nome, la tua email e clicca il pulsante verde. &nbsp;La tua privacy &egrave; al sicuro!&nbsp;Potrai cancellarti in qualsiasi momento con un click. Universit&eacute; Europ&eacute;enne [&hellip;]\" \/>\n<meta property=\"og:url\" content=\"https:\/\/www.neurolinguistic.com\/blog\/corso-gratuito-ipnosi-egizia\/\" \/>\n<meta property=\"og:site_name\" content=\"Universit\u00e9 Europ\u00e9enne - ISI-CNV\" \/>\n<meta property=\"article:publisher\" content=\"https:\/\/www.facebook.com\/ipnositecniche\" \/>\n<meta property=\"article:modified_time\" content=\"2018-08-06T16:57:26+00:00\" \/>\n<meta property=\"og:image\" content=\"https:\/\/www.neurolinguistic.com\/blog\/wp-content\/uploads\/egypt9.jpg\" \/>\n<meta name=\"twitter:card\" content=\"summary_large_image\" \/>\n<script type=\"application\/ld+json\" class=\"yoast-schema-graph\">{\"@context\":\"https:\/\/schema.org\",\"@graph\":[{\"@type\":\"WebPage\",\"@id\":\"https:\/\/www.neurolinguistic.com\/blog\/corso-gratuito-ipnosi-egizia\/\",\"url\":\"https:\/\/www.neurolinguistic.com\/blog\/corso-gratuito-ipnosi-egizia\/\",\"name\":\"Corso gratuito Ipnosi Egizia &#8211; Universit\u00e9 Europ\u00e9enne - ISI-CNV\",\"isPartOf\":{\"@id\":\"https:\/\/www.neurolinguistic.com\/blog\/#website\"},\"primaryImageOfPage\":{\"@id\":\"https:\/\/www.neurolinguistic.com\/blog\/corso-gratuito-ipnosi-egizia\/#primaryimage\"},\"image\":{\"@id\":\"https:\/\/www.neurolinguistic.com\/blog\/corso-gratuito-ipnosi-egizia\/#primaryimage\"},\"thumbnailUrl\":\"https:\/\/www.neurolinguistic.com\/blog\/wp-content\/uploads\/egypt9.jpg\",\"datePublished\":\"2016-06-09T15:07:35+00:00\",\"dateModified\":\"2018-08-06T16:57:26+00:00\",\"breadcrumb\":{\"@id\":\"https:\/\/www.neurolinguistic.com\/blog\/corso-gratuito-ipnosi-egizia\/#breadcrumb\"},\"inLanguage\":\"it-IT\",\"potentialAction\":[{\"@type\":\"ReadAction\",\"target\":[\"https:\/\/www.neurolinguistic.com\/blog\/corso-gratuito-ipnosi-egizia\/\"]}]},{\"@type\":\"ImageObject\",\"inLanguage\":\"it-IT\",\"@id\":\"https:\/\/www.neurolinguistic.com\/blog\/corso-gratuito-ipnosi-egizia\/#primaryimage\",\"url\":\"https:\/\/www.neurolinguistic.com\/blog\/wp-content\/uploads\/egypt9.jpg\",\"contentUrl\":\"https:\/\/www.neurolinguistic.com\/blog\/wp-content\/uploads\/egypt9.jpg\",\"width\":600,\"height\":350},{\"@type\":\"BreadcrumbList\",\"@id\":\"https:\/\/www.neurolinguistic.com\/blog\/corso-gratuito-ipnosi-egizia\/#breadcrumb\",\"itemListElement\":[{\"@type\":\"ListItem\",\"position\":1,\"name\":\"Home\",\"item\":\"https:\/\/www.neurolinguistic.com\/blog\/\"},{\"@type\":\"ListItem\",\"position\":2,\"name\":\"Corso gratuito Ipnosi Egizia\"}]},{\"@type\":\"WebSite\",\"@id\":\"https:\/\/www.neurolinguistic.com\/blog\/#website\",\"url\":\"https:\/\/www.neurolinguistic.com\/blog\/\",\"name\":\"Universit\u00e9 Europ\u00e9enne - ISI-CNV\",\"description\":\"Articoli, Lezioni Online, Omaggi, Video e molto altro\",\"potentialAction\":[{\"@type\":\"SearchAction\",\"target\":{\"@type\":\"EntryPoint\",\"urlTemplate\":\"https:\/\/www.neurolinguistic.com\/blog\/?s={search_term_string}\"},\"query-input\":{\"@type\":\"PropertyValueSpecification\",\"valueRequired\":true,\"valueName\":\"search_term_string\"}}],\"inLanguage\":\"it-IT\"}]}<\/script>\n<!-- \/ Yoast SEO plugin. -->","yoast_head_json":{"title":"Corso gratuito Ipnosi Egizia &#8211; Universit\u00e9 Europ\u00e9enne - ISI-CNV","robots":{"index":"index","follow":"follow","max-snippet":"max-snippet:-1","max-image-preview":"max-image-preview:large","max-video-preview":"max-video-preview:-1"},"canonical":"https:\/\/www.neurolinguistic.com\/blog\/corso-gratuito-ipnosi-egizia\/","og_locale":"it_IT","og_type":"article","og_title":"Corso gratuito Ipnosi Egizia &#8211; Universit\u00e9 Europ\u00e9enne - ISI-CNV","og_description":"[bodybg bodybgimage=&rdquo;https:\/\/www.neurolinguistic.com\/blog\/wp-content\/themes\/flexsqueeze2\/images\/quicksets\/full-quickset-7.jpg&rdquo;][\/bodybg] Ti piacerebbe fare un viaggio fantastico alla scoperta dell&rsquo;IPNOSI EGIZIA? Cos&igrave; come &egrave; stata tramandata dalla pi&ugrave; antica e originale tradizione ermetica&hellip;&nbsp; Ricevi&nbsp;ora l&rsquo;E-BOOK&nbsp;GRATUITO via email Inserisci il tuo nome, la tua email e clicca il pulsante verde. &nbsp;La tua privacy &egrave; al sicuro!&nbsp;Potrai cancellarti in qualsiasi momento con un click. Universit&eacute; Europ&eacute;enne [&hellip;]","og_url":"https:\/\/www.neurolinguistic.com\/blog\/corso-gratuito-ipnosi-egizia\/","og_site_name":"Universit\u00e9 Europ\u00e9enne - ISI-CNV","article_publisher":"https:\/\/www.facebook.com\/ipnositecniche","article_modified_time":"2018-08-06T16:57:26+00:00","og_image":[{"url":"https:\/\/www.neurolinguistic.com\/blog\/wp-content\/uploads\/egypt9.jpg","type":"","width":"","height":""}],"twitter_card":"summary_large_image","schema":{"@context":"https:\/\/schema.org","@graph":[{"@type":"WebPage","@id":"https:\/\/www.neurolinguistic.com\/blog\/corso-gratuito-ipnosi-egizia\/","url":"https:\/\/www.neurolinguistic.com\/blog\/corso-gratuito-ipnosi-egizia\/","name":"Corso gratuito Ipnosi Egizia &#8211; Universit\u00e9 Europ\u00e9enne - ISI-CNV","isPartOf":{"@id":"https:\/\/www.neurolinguistic.com\/blog\/#website"},"primaryImageOfPage":{"@id":"https:\/\/www.neurolinguistic.com\/blog\/corso-gratuito-ipnosi-egizia\/#primaryimage"},"image":{"@id":"https:\/\/www.neurolinguistic.com\/blog\/corso-gratuito-ipnosi-egizia\/#primaryimage"},"thumbnailUrl":"https:\/\/www.neurolinguistic.com\/blog\/wp-content\/uploads\/egypt9.jpg","datePublished":"2016-06-09T15:07:35+00:00","dateModified":"2018-08-06T16:57:26+00:00","breadcrumb":{"@id":"https:\/\/www.neurolinguistic.com\/blog\/corso-gratuito-ipnosi-egizia\/#breadcrumb"},"inLanguage":"it-IT","potentialAction":[{"@type":"ReadAction","target":["https:\/\/www.neurolinguistic.com\/blog\/corso-gratuito-ipnosi-egizia\/"]}]},{"@type":"ImageObject","inLanguage":"it-IT","@id":"https:\/\/www.neurolinguistic.com\/blog\/corso-gratuito-ipnosi-egizia\/#primaryimage","url":"https:\/\/www.neurolinguistic.com\/blog\/wp-content\/uploads\/egypt9.jpg","contentUrl":"https:\/\/www.neurolinguistic.com\/blog\/wp-content\/uploads\/egypt9.jpg","width":600,"height":350},{"@type":"BreadcrumbList","@id":"https:\/\/www.neurolinguistic.com\/blog\/corso-gratuito-ipnosi-egizia\/#breadcrumb","itemListElement":[{"@type":"ListItem","position":1,"name":"Home","item":"https:\/\/www.neurolinguistic.com\/blog\/"},{"@type":"ListItem","position":2,"name":"Corso gratuito Ipnosi Egizia"}]},{"@type":"WebSite","@id":"https:\/\/www.neurolinguistic.com\/blog\/#website","url":"https:\/\/www.neurolinguistic.com\/blog\/","name":"Universit\u00e9 Europ\u00e9enne - ISI-CNV","description":"Articoli, Lezioni Online, Omaggi, Video e molto altro","potentialAction":[{"@type":"SearchAction","target":{"@type":"EntryPoint","urlTemplate":"https:\/\/www.neurolinguistic.com\/blog\/?s={search_term_string}"},"query-input":{"@type":"PropertyValueSpecification","valueRequired":true,"valueName":"search_term_string"}}],"inLanguage":"it-IT"}]}},"_links":{"self":[{"href":"https:\/\/www.neurolinguistic.com\/blog\/wp-json\/wp\/v2\/pages\/1707","targetHints":{"allow":["GET"]}}],"collection":[{"href":"https:\/\/www.neurolinguistic.com\/blog\/wp-json\/wp\/v2\/pages"}],"about":[{"href":"https:\/\/www.neurolinguistic.com\/blog\/wp-json\/wp\/v2\/types\/page"}],"author":[{"embeddable":true,"href":"https:\/\/www.neurolinguistic.com\/blog\/wp-json\/wp\/v2\/users\/1"}],"replies":[{"embeddable":true,"href":"https:\/\/www.neurolinguistic.com\/blog\/wp-json\/wp\/v2\/comments?post=1707"}],"version-history":[{"count":1,"href":"https:\/\/www.neurolinguistic.com\/blog\/wp-json\/wp\/v2\/pages\/1707\/revisions"}],"predecessor-version":[{"id":1708,"href":"https:\/\/www.neurolinguistic.com\/blog\/wp-json\/wp\/v2\/pages\/1707\/revisions\/1708"}],"wp:attachment":[{"href":"https:\/\/www.neurolinguistic.com\/blog\/wp-json\/wp\/v2\/media?parent=1707"}],"curies":[{"name":"wp","href":"https:\/\/api.w.org\/{rel}","templated":true}]}}